5618*j + 45. What is y(7)?
3
Let o(l) = l**3 + 5*l**2 - 248*l - 1992. What is o(-10)?
-12
Let c(s) = s**3 - 10*s**2 + 16616*s - 33206. Calculate c(2).
-6
Let x(o) = -11*o**2 - 1746*o - 30170. Determine x(-139).
-7
Let p(k) = -73946*k + 221842. What is p(3)?
4
Let z(t) = -4*t**2 - 363*t + 135. What is z(-92)?
-325
Let z(m) = -802*m**3 - 19*m**2 - 11*m - 2. Give z(-1).
792
Let d(k) = 7*k**2 + 5939*k - 41910. Calculate d(7).
6
Let w(u) = -81*u**3 - u**2 - 25*u - 52. Give w(-2).
642
Let j(z) = 2222*z - 16309. What is j(7)?
-755
Let g(z) = 21*z**2 - 188*z - 97. What is g(9)?
-88
Let q(z) = z**2 + 286*z + 7864. Calculate q(-27).
871
Let v(q) = 3*q**2 - 1110*q - 18052. What is v(-16)?
476
Let s(w) = 20*w**2 + 557*w + 4421. Calculate s(-8).
1245
Let m(z) = -5*z**3 - 13*z**2 - 82*z + 127. Calculate m(2).
-129
Let m(q) = q**3 - 18*q**2 - 20*q + 245. Give m(17).
-384
Let x(t) = 3*t**3 - 364*t**2 + 100*t - 253. What is x(121)?
-2794
Let o(g) = -770*g + 56897. Determine o(74).
-83
Let y(l) = -19*l**2 - 2059*l - 193. Determine y(-107).
2589
Let j(m) = 433*m + 5610. What is j(-13)?
-19
Let k(y) = -23653*y + 212888. Determine k(9).
11
Let b(r) = -2*r**3 + 128*r**2 + 115*r + 2454. Calculate b(65).
1479
Let r(t) = t**2 - 51*t - 683. Determine r(62).
-1
Let p(a) = 5*a**3 - 37*a**2 + 92*a + 38. Give p(11).
3228
Let t(i) = 2*i**2 - 9516*i - 783935. Calculate t(-81).
-17
Let q(k) = -9*k**3 + 513*k**2 + 382*k + 106. Give q(58).
-8014
Let k(u) = 872*u - 153062. Determine k(176).
410
Let a(y) = y**3 + 141*y**2 - 1171*y + 151. Determine a(8).
319
Let g(w) = -321761*w + 10939866. What is g(34)?
-8
Let q(w) = 2*w**3 + 110*w**2 + 766*w + 95. Give q(-7).
-563
Let t(f) = -25008*f + 125053. Determine t(5).
13
Let q(r) = 746*r + 183594. What is q(-246)?
78
Let i(v) = -23293*v + 14954108. Give i(642).
2
Let u(h) = -18*h**3 - 13*h**2 + 8*h + 120. Determine u(3).
-459
Let r(i) = -133*i + 2245. Determine r(19).
-282
Let i(t) = 30*t**2 + 2423*t + 13561. What is i(-6)?
103
Let n(g) = 1650*g - 84432. Calculate n(51).
-282
Let z(n) = 3*n**3 - 9*n**2 - 14742*n + 44223. What is z(3)?
-3
Let z(n) = 2*n**3 + 246*n**2 + 1482*n - 16473. Determine z(-116).
-1
Let b(j) = -30238*j + 8920202. Calculate b(295).
-8
Let r(v) = -815*v**2 - 4850*v + 248. Determine r(-6).
8
Let s(l) = l**3 - 549*l**2 + 5964*l - 24745. What is s(538)?
3
Let q(k) = k**3 + 35*k**2 + 1499*k - 12552. Calculate q(7).
-1
Let z(h) = 357*h**2 + 409*h + 821. Give z(-2).
1431
Let u(b) = 1427*b + 48840. Calculate u(-35).
-1105
Let r(a) = 14*a**2 + 1112*a - 317. What is r(-81)?
1465
Let a(y) = -3*y**3 + 271*y**2 + 18*y - 3117. Determine a(90).
6603
Let f(i) = -3*i**3 + 1095*i**2 - 13*i + 4745. What is f(365)?
0
Let h(v) = -2357*v + 9625. Determine h(4).
197
Let n(u) = -5*u**2 + 321*u + 1092. What is n(67)?
154
Let i(g) = -393*g - 534. Determine i(-2).
252
Let a(v) = -3250*v - 61787. Give a(-19).
-37
Let g(w) = 2893*w**2 - 2861*w - 33. Give g(1).
-1
Let n(f) = 8*f**2 + 687*f + 13899. Determine n(-53).
-40
Let c(r) = r**2 + 10*r - 515. What is c(-29)?
36
Let w(l) = 15*l**3 - 1670*l**2 + 575*l - 1942. Determine w(111).
278
Let u(g) = -2*g**3 - 610*g**2 - 7598*g - 30. Give u(-13).
48
Let n(h) = -263793*h + 1055191. Give n(4).
19
Let f(h) = -h**3 + 330*h**2 - 1449*h + 47275. Determine f(326).
5
Let a(g) = 10584*g + 857383. What is a(-81)?
79
Let b(i) = -25*i**2 - 1296*i - 55. Determine b(-53).
-1592
Let l(g) = 2*g**3 + 142*g**2 + 682*g + 31. Determine l(-5).
-79
Let c(v) = 11*v**3 - 53*v**2 + 140*v - 710. Determine c(5).
40
Let o(b) = b**3 - 53*b**2 - 3606*b + 192278. Calculate o(55).
-2
Let x(p) = p**2 + 25*p - 695. What is x(-38)?
-201
Let t(r) = 65455*r + 36065701. Give t(-551).
-4
Let i(q) = -q**3 - 31*q**2 + 60*q + 122. Give i(-35).
2922
Let n(q) = q**2 - 363512*q + 727020. What is n(2)?
0
Let b(k) = 2*k**2 + 14906*k + 133968. Determine b(-9).
-24
Let t(f) = f**3 + 29*f**2 + 25*f + 353. What is t(0)?
353
Let x(l) = -118854*l + 5348440. Calculate x(45).
10
Let i(d) = 2*d**3 + 37*d**2 - 20*d + 14. Give i(-15).
1889
Let c(h) = -h**2 + 665*h - 97070. What is c(217)?
146
Let m(b) = -371*b**3 + 129*b**2 - 191*b - 3. Determine m(2).
-2837
Let r(s) = s**3 + 17*s**2 - 270*s + 8. Calculate r(-27).
8
Let r(s) = 43*s**2 - 586*s - 194. Determine r(14).
30
Let m(p) = 41*p**2 - 2593*p - 2279. Calculate m(64).
-295
Let c(g) = -7440983*g - 14881960. Calculate c(-2).
6
Let m(r) = 100809*r - 100725. What is m(1)?
84
Let i(q) = 836*q + 1086. Determine i(-2).
-586
Let u(p) = -327*p**2 + 107*p - 94. Give u(1).
-314
Let i(l) = 2*l**2 - 445*l - 12529. Determine i(-26).
393
Let m(g) = 1115*g + 11190. What is m(-10)?
40
Let p(z) = 10846*z + 1843814. Calculate p(-170).
-6
Let m(u) = -u**3 + 74*u**2 - 96*u - 25009. Determine m(67).
-18
Let u(x) = -2*x**2 + 858*x - 13260. Calculate u(16).
-44
Let z(h) = -161*h**3 - 4630*h**2 + 1129*h - 59. Calculate z(-29).
-1
Let h(n) = -68*n**2 - 891*n - 1526. Determine h(-2).
-16
Let a(k) = 1257*k + 671249. Determine a(-534).
11
Let g(u) = 26752*u + 481535. Calculate g(-18).
-1
Let r(x) = -x**2 + 8*x + 2699. What is r(54)?
215
Let o(s) = -158*s**2 + 958*s - 75. Determine o(6).
-15
Let z(j) = j**2 + 5194*j - 72913. Give z(14).
-1
Let y(k) = -22*k + 1195. Calculate y(60).
-125
Let v(l) = -2*l**3 + 96*l**2 + 1427*l - 65085. What is v(49)?
36
Let c(a) = 30*a**3 - a**2 - 36*a + 77. Give c(2).
241
Let w(j) = -2*j**2 - 1450*j - 23029. Give w(-16).
-341
Let j(o) = 1725*o**2 - 42*o - 36. Determine j(-1).
1731
Let r(z) = 1625*z**2 - 24374*z + 20. Give r(15).
35
Let g(p) = 6*p**2 + 449*p - 86231. Determine g(-163).
-4
Let v(b) = -3*b + 796. Determine v(-1).
799
Let x(q) = 77*q**2 - 175193*q - 350383. Give x(-2).
311
Let p(v) = 4*v**3 + 189*v**2 + 2209*v - 23. Determine p(-26).
3
Let y(u) = -10*u**3 - 5464*u**2 + 3289*u + 3826. What is y(-547)?
-3
Let s(a) = 1279*a + 103552. Give s(-81).
-47
Let q(j) = -2*j**3 - 54*j**2 + 534*j + 6. Give q(11).
-3316
Let p(m) = -124605*m - 92207706. Give p(-740).
-6
Let k(y) = -39*y**2 - 216*y + 58. Give k(-3).
355
Let u(p) = -425*p**2 + 3397*p + 26. Give u(8).
2
Let s(h) = 4*h**3 - 1130*h**2 + 562*h + 471. Calculate s(282).
-93
Let w(o) = 3*o**3 - 259*o**2 + 85*o + 451. Give w(86).
365
Let u(w) = -2*w**3 + 1102*w**2 + 4435*w + 2775. Give u(555).
0
Let a(z) = -12*z**2 + 11089*z + 21263. Give a(926).
-35
Let s(t) = 489*t + 1183. What is s(-2)?
205
Let i(q) = 697*q**2 - 441895*q - 1895. Calculate i(634).
7
Let o(r) = -r**3 + 226*r**2 + 1126*r - 14695. Calculate o(6).
-19
Let t(z) = z**3 + 51*z**2 - 112*z - 3064. Give t(-53).
-2746
Let t(c) = c**3 - 289*c**2 - 8189*c - 297. What is t(315)?
18
Let n(d) = 2*d**2 - 1931*d + 32246. Determine n(17).
-3
Let y(g) = 107*g**3 + 300*g**2 + 5*g + 12. Calculate y(-3).
-192
Let h(v) = -16*v**2 - 7571*v - 37897. Determine h(-5).
-442
Let r(u) = -445*u - 3931. Give r(-9).
74
Let v(f) = 2*f**2 + 4441*f + 13295. What is v(-3)?
-10
Let c(d) = -78*d**2 + 1382*d - 3172. Give c(15).
8
Let w(s) = 132*s**3 - 10*s**2 + 93*s + 104. Give w(-1).
-131
Let s(b) = 964*b + 66473. What is s(-69)?
-43
Let y(p) = -2331*p + 4707. Determine y(2).
45
Let a(x) = 28402*x + 141944. Calculate a(-5).
-66
Let i(q) = -q**3 - 66*q**2 + 344*q + 30313. Determine i(-64).
105
Let l(w) = -63066*w + 756794. Calculate l(12).
2
Let k(j) = -j**2 + 2937*j - 340680. What is k(121)?
56
Let b(g) = -2376*g - 2177. Calculate b(-1).
199
Let v(h) = 11591*h - 115973. What is v(10)?
-63
Let r(g) = 248*g**2 - 2016*g - 18. Determine r(8).
-274
Let z(j) = j**2 + 557*j + 3482. What is z(-6)?
176
Let y(a) = 1405*a**2 + 15438*a - 34. Determine y(-11).
153
Let a(k) = -3848*k**2 - 10073*k + 10074. Determine a(1).
-3847
Let q(p) = 2*p**2 + 646*p + 33601. Calculate q(-258).
61
Let y(p) = -2*p**3 + 166*p**2 + 157*p + 120. What is y(84)?
-804
Let k(w) = 2*w**2 + 2364*w - 180576. What is k(72)?
0
Let f(a) = a**3 + 290*a**2 - 601*a - 257210. What is f(-289)?
0
Let v(i) = 4*i**3 + 41*i**2 - 148*i - 1688. Calculate v(-10).
-108
Let r(l) = -3367*l - 6587. What is r(-2)?
147
Let v(s) = 407*s + 92281. Give v(-227).
-108
Let x(m) = 2841*m - 323896. Determine x(114).
-22
Let b(d) = -3*d**3 - 30*d**2 - 63*d - 91. What is b(-8)?
29
Let c(x) = -229*x + 20943. Calculate c(87).
1020
Let s(m) = 1065*m**2 + 2134*m - 4. What is s(-1)?
-10